atest common factor of 102 and t?
6
Let s(j) = -j**3 + j**2 - 1. Let y be s(0). Let m = 4 - y. What is the highest common factor of 15 and m?
5
Let j(q) = -q**2 - 5*q + 5. Let h be j(-4). Let c(t) = -t**3 - 10*t**2 - t - 1. Let l be c(-10). Calculate the greatest common factor of h and l.
9
Suppose 0 = 5*b - 256 + 26. Let q = b + 14. Calculate the greatest common factor of 15 and q.
15
Let v(m) = -m**2 - 5*m - 10. Let i be v(-5). Let n(y) = -9*y + 6. Let s be n(i). Calculate the highest common divisor of s and 12.
12
Let k be 3*(0 + (-1)/(-3)). Suppose 0 = 3*s - 5*x - 7 - 41, 3*s = -5*x + 18. What is the highest common factor of s and k?
1
Suppose 3*q - 2*k - k - 270 = 0, 0 = -4*q - 3*k + 346. What is the highest common factor of 11 and q?
11
Suppose -3*w = -0*x + 3*x - 3, -4*w + 8 = 2*x. Calculate the highest common factor of 15 and w.
3
Let n be 2*(-1 + 11/2). Let p(b) = -2*b**2 - 39*b - 4. Let k be p(-17). What is the highest common divisor of k and n?
9
Let q = -175 + 248. Let p = -32 + q. Let l = p - 24. Calculate the highest common factor of 85 and l.
17
Let d = -128 + 87. Let a = d + 65. Let p(b) = -b**3 - 6*b**2 - 2*b - 4. Let v be p(-6). Calculate the greatest common factor of a and v.
8
Suppose a - 201 = -2*a. Let y = a - 27. Calculate the greatest common divisor of 20 and y.
20
Suppose -3*u + u + 134 = 0. Suppose 5*q = u + 208. Let d(p) = -7*p + 1. Let l be d(-3). Calculate the greatest common divisor of l and q.
11
Let u(t) be the first derivative of -t**3/3 + 4*t**2 - 6*t + 2. Let r be u(7). Let q be 0 + 80 - 3/r. Calculate the highest common factor of q and 11.
11
Suppose -5*f + 79 + 56 = 0. Calculate the greatest common factor of 9 and f.
9
Let t(c) = -2*c + 12. Let g be t(10). Let h be (-38)/g + (-3)/(-12). What is the greatest common divisor of h and 15?
5
Let l(z) = 7*z - 34. Let u be l(10). What is the greatest common divisor of u and 54?
18
Let i be 2 + -6 + 28 + 0. What is the highest common divisor of i and 36?
12
Let d = -2 - -6. Suppose 5*z = -x + 23 + 7, -x - 15 = -d*z. Calculate the greatest common divisor of 30 and x.
5
Let f = -5 + 0. Let z = f + 10. What is the greatest common factor of z and 45?
5
Let o be 3*(-2 + 0) + 1. Let h(z) = 2*z - 4*z - 1 - 3. Let a be h(o). What is the greatest common factor of 54 and a?
6
Let x(k) = k**3 + 3. Let q be x(0). Let j be 16/(q - 3 - -1). What is the highest common factor of j and 64?
16
Let o be ((-30)/9)/(5/(-135)). Calculate the greatest common divisor of o and 135.
45
Let q be ((-3)/(-6))/((-3)/(-6))*55. Calculate the greatest common divisor of q and 5.
5
Suppose 120 = y - r - 4, 5*r = -5*y + 580. What is the greatest common divisor of y and 24?
24
Let z(j) be the second derivative of j**5/20 + j**4/2 + j**3/3 - 2*j**2 + 3*j. Let t be z(-4). What is the highest common factor of 4 and t?
4
Suppose -4 - 26 = -5*i. Calculate the greatest common factor of 1 and i.
1
Suppose -q + 17 = -5. Let p(o) = -3*o**2 - 4*o. Let i be p(5). Let l = -40 - i. Calculate the highest common divisor of q and l.
11
Suppose 458 + 1782 = 20*b. Let d(i) = -16*i - 3. Let x be d(-2). Suppose f + 3*v - x = 0, 5*f - 45 = 2*v + 3*v. What is the greatest common factor of f and b?
14
Suppose 4*b - 22 - 14 = 0. Suppose -2*n + 209 - b = 0. What is the greatest common divisor of 20 and n?
20
Let k = -1 - -12. Let b = -1 + k. Calculate the highest common factor of 4 and b.
2
Let n(q) = -7*q - 17. Let r be n(-7). Calculate the greatest common factor of 8 and r.
8
Let p be (-2)/10*9*(4 - 14). Calculate the highest common factor of 198 and p.
18
Let k = -65 + 135. Calculate the highest common factor of 28 and k.
14
Suppose 5*z - 6 = 5*g - 26, -3*z + 15 = 0. Suppose -2*u = -0*u - 6. Suppose 37 + 6 = u*v - 4*p, p + 13 = v. Calculate the greatest common divisor of g and v.
9
Let u(r) = r**2 - 4*r - 7. Let g be u(7). Let t = 91 + -21. Calculate the highest common factor of g and t.
14
Let a = 153 - 145. Let t = 19 - 11. What is the highest common divisor of a and t?
8
Let p be 93 - ((-6)/12*6)/1. Suppose 2*b + b - 40 = c, 2*b - 3*c - 36 = 0. What is the greatest common divisor of b and p?
12
Let u be 3 + 6/3 + -3. Let q be u/8 - 156/(-16). What is the highest common divisor of 10 and q?
10
Suppose -5*n + 3 = -22. Let t(x) = -x**3 + 3 - 4 - n*x**2 + 5 + 4*x. Let g be t(-6). What is the greatest common factor of 32 and g?
16
Let c = -12 - -5. Let i be (c/(-14))/(1/44). What is the greatest common divisor of 11 and i?
11
Let a = -104 + 122. What is the highest common factor of 27 and a?
9
Let k = 42 - 27. Calculate the greatest common factor of k and 165.
15
Let d = 29 + 23. What is the greatest common divisor of 13 and d?
13
Let t = 43 - -97. Calculate the greatest common factor of 28 and t.
28
Let u = -12 + 19. What is the greatest common factor of u and 77?
7
Let d(j) = 15*j**2 - 5*j. Let a be d(2). Let x = -3 + 23. Calculate the highest common factor of x and a.
10
Suppose 3*m + 5*g - 240 = 52, 0 = g + 1. What is the highest common divisor of m and 9?
9
Suppose -2*h - 16 - 12 = 0. Let v = h + -19. Let m be v/2*4/(-3). What is the greatest common factor of 55 and m?
11
Let l(j) = -j**3 + 7*j**2 - j - 4. Let u be l(6). Let p be (-1 + 2)/1 + 78. Let r = -40 + p. Calculate the greatest common factor of r and u.
13
Suppose 2*w + r + 27 = 4*w, r - 48 = -3*w. Suppose -5*h + 273 = 5*v - 572, -5*h - 4*v = -841. Calculate the highest common factor of w and h.
15
Let c(h) = h - 1. Let q(t) = t - 1. Let a(g) = 3*c(g) - q(g). Let r be a(3). Suppose -2*s = -3 - 1. What is the highest common divisor of s and r?
2
Let b = -197 - -401. Suppose 4*a - b = -0*a. Calculate the highest common divisor of a and 17.
17
Suppose 0 = -i + c + 33, 2*i = -0*i - 5*c + 66. Let h(u) = 5*u - 8. Let l be h(6). What is the greatest common divisor of l and i?
11
Let i(n) be the first derivative of -3*n**2 - n + 2. Let q be i(-1). Calculate the greatest common divisor of 45 and q.
5
Suppose 0 = -3*k + 61 + 14. What is the greatest common factor of k and 225?
25
Suppose -866 = -14*i + 184. What is the highest common factor of 15 and i?
15
Suppose -3*x - x + 8 = 0. Let m(o) = 0*o**3 - 4*o**x + 4*o**3 - 3*o**3 - o**2 + 3 + 6*o. Let a be m(6). What is the greatest common factor of 15 and a?
15
Suppose -2*k = -4, -3*k + 0*k + 1 = 5*x. Let m = x + 12. Let j = -24 - -57. What is the greatest common divisor of j and m?
11
Let b be -8*((-39)/12 + 1). Suppose 5*g + b = 73. Calculate the highest common divisor of 88 and g.
11
Suppose 150 = -0*k + 2*k. Let g = -64 + 89. Calculate the greatest common factor of g and k.
25
Let o(w) = 2*w - 56. Let c be o(34). Calculate the greatest common factor of c and 300.
12
Suppose x = 4*x - 18. Suppose 2*t = -4*u - x, -3*t = t + 3*u - 3. Suppose -2 - t = -5*s. Calculate the greatest common factor of 8 and s.
1
Let b(i) be the first derivative of i**2 - 3*i - 1. Let s be b(5). Calculate the highest common divisor of s and 1.
1
Let w(h) = 2*h**3 + 2*h**2 - h. Let k be w(-2). Let m = 7 - -1. Let y be m*2 - k/2. What is the highest common factor of 19 and y?
19
Let l(o) = o. Let r be l(3). Let x(b) = 4*b + 4*b**2 - 5*b**3 + 4*b**3 - 4*b. Let z be x(r). What is the highest common divisor of z and 9?
9
Let t(o) = o**2 + 9*o + 24. Let u be t(-8). Calculate the greatest common divisor of u and 4.
4
Let a be (11/(-11))/(1/(-9)). Calculate the greatest common factor of 3 and a.
3
Suppose 3*o = 3*l - 75, 56 - 12 = -2*o - l. Let k = 24 + 14. Let c = o + k. Calculate the highest common factor of 45 and c.
15
Let r = 269 - 261. Let y = 61 - 37. What is the highest common divisor of r and y?
8
Suppose 3*q - q = 132. Let z = 122 - q. Let w = 6 + 2. What is the greatest common divisor of z and w?
8
Let v = 90 - 64. Suppose -2*n - 2*z + 4 = 0, -2*n + 3*z - z = 0. Let j(m) = 64*m + 1. Let d be j(n). What is the highest common factor of d and v?
13
Suppose 1 = -2*c + 4*c + j, -5*j = 15. Let i = c + 23. Calculate the greatest common factor of i and 225.
25
Suppose -2*t - 3*d = -16, 5*t + 14 = -4*d + 54. Let n(z) = z - 4. Let l be n(5). What is the highest common factor of t and l?
1
Let y = -11 + 86. What is the greatest common factor of 25 and y?
25
Let j be (63/(-4))/(-7)*28*1. Calculate the greatest common factor of 21 and j.
21
Let b be 9/